What is the remainder when 51280 is divided by 492?
112
What is the remainder when 1304207 is divided by 5393?
4494
Calculate the remainder when 566609677 is divided by 1456.
1453
Calculate the remainder when 3470113 is divided by 807.
13
Calculate the remainder when 558112 is divided by 97.
71
What is the remainder when 9066600 is divided by 5037?
0
What is the remainder when 787397 is divided by 921?
863
What is the remainder when 49577338 is divided by 189?
181
What is the remainder when 133534 is divided by 8340?
94
What is the remainder when 287966 is divided by 100?
66
What is the remainder when 662143 is divided by 348?
247
Calculate the remainder when 7498611 is divided by 165.
21
What is the remainder when 921671 is divided by 10?
1
What is the remainder when 1974846 is divided by 5323?
13
What is the remainder when 246728 is divided by 123356?
16
Calculate the remainder when 603392 is divided by 2348.
2304
Calculate the remainder when 157158 is divided by 77891.
1376
Calculate the remainder when 131949 is divided by 43627.
1068
What is the remainder when 4027041 is divided by 502?
499
Calculate the remainder when 9313749 is divided by 2172.
213
Calculate the remainder when 749718 is divided by 128.
22
What is the remainder when 146156 is divided by 9733?
161
Calculate the remainder when 2158987 is divided by 154210.
47
What is the remainder when 2882655 is divided by 1514?
1513
Calculate the remainder when 82329663 is divided by 5576.
23
What is the remainder when 8942 is divided by 4038?
866
Calculate the remainder when 1757492 is divided by 162.
116
Calculate the remainder when 531095 is divided by 15615.
185
Calculate the remainder when 4695497 is divided by 146.
137
Calculate the remainder when 1243282 is divided by 2248.
138
Calculate the remainder when 5207542 is divided by 12253.
17
What is the remainder when 6204203 is divided by 44?
27
What is the remainder when 1210161 is divided by 6609?
714
Calculate the remainder when 1064007 is divided by 2915.
32
Calculate the remainder when 1445783 is divided by 182.
157
What is the remainder when 2660754 is divided by 147819?
12
Calculate the remainder when 55722 is divided by 53863.
1859
Calculate the remainder when 31792 is divided by 10537.
181
What is the remainder when 61187805 is divided by 352?
349
Calculate the remainder when 414853 is divided by 2438.
393
What is the remainder when 12958040 is divided by 1363?
1362
What is the remainder when 129403 is divided by 8084?
59
What is the remainder when 807443 is divided by 1718?
1701
Calculate the remainder when 55534937 is divided by 631.
627
Calculate the remainder when 13848414 is divided by 1795.
1784
Calculate the remainder when 21675 is divided by 14930.
6745
What is the remainder when 4252612 is divided by 4911?
4597
Calculate the remainder when 22327583 is divided by 413.
390
What is the remainder when 2916124 is divided by 4333?
15
What is the remainder when 1177196 is divided by 3798?
3614
Calculate the remainder when 3596369 is divided by 899090.
9
What is the remainder when 14676 is divided by 3789?
3309
What is the remainder when 24775239 is divided by 2400?
39
What is the remainder when 713732733 is divided by 598?
597
What is the remainder when 7651613 is divided by 1923?
1919
What is the remainder when 49548 is divided by 49356?
192
What is the remainder when 948471 is divided by 1062?
105
What is the remainder when 2310200 is divided by 526?
8
Calculate the remainder when 80280 is divided by 2875.
2655
What is the remainder when 25678117 is divided by 190?
187
What is the remainder when 677711 is divided by 338661?
389
What is the remainder when 2860064 is divided by 510?
494
What is the remainder when 58416876 is divided by 10272?
12
Calculate the remainder when 2191316 is divided by 11718.
50
Calculate the remainder when 12703862 is divided by 4234611.
29
Calculate the remainder when 20652168 is divided by 2581521.
0
Calculate the remainder when 309903 is divided by 2588.
1931
Calculate the remainder when 8681 is divided by 6689.
1992
Calculate the remainder when 552334 is divided by 10822.
412
Calculate the remainder when 1076731 is divided by 96.
91
What is the remainder when 3231984 is divided by 538587?
462
Calculate the remainder when 22268575 is divided by 15.
10
Calculate the remainder when 114308 is divided by 1393.
82
Calculate the remainder when 147851317 is divided by 938.
5
What is the remainder when 59777 is divided by 14938?
25
Calculate the remainder when 17903597 is divided by 8951792.
13
What is the remainder when 85908 is divided by 4289?
128
What is the remainder when 26963743 is divided by 60?
43
What is the remainder when 132584 is divided by 3527?
2085
Calculate the remainder when 3919260 is divided by 5340.
5040
What is the remainder when 4954246 is divided by 4108?
4106
What is the remainder when 171779 is divided by 42286?
2635
What is the remainder when 800739 is divided by 10395?
324
What is the remainder when 558415 is divided by 69419?
3063
Calculate the remainder when 2953 is divided by 129.
115
Calculate the remainder when 23199 is divided by 11095.
1009
Calculate the remainder when 25736553 is divided by 527.
508
What is the remainder when 271926 is divided by 5035?
36
Calculate the remainder when 3694916 is divided by 8175.
7991
Calculate the remainder when 189758 is divided by 47049.
1562
What is the remainder when 312876 is divided by 147?
60
Calculate the remainder when 52447917 is divided by 840.
837
What is the remainder when 230562 is divided by 567?
360
Calculate the remainder when 990926 is divided by 1350.
26
Calculate the remainder when 1350478 is divided by 223.
213
What is the remainder when 441918 is divided by 375?
168
What is the remainder when 5083 is divided by 4140?
943
What is the remainder when 185211926 is divided by 83?
82
What is the remainder when 123912 is divided by 1085?
222
What is the remainder when 16135058 is divided by 597594?
20
Calculate the remainder when 1977836 is divided by 494413.
184
Calculate the remainder when 4990498 is divided by 22.
18
Calculate the remainder when 3829809 is divided by 1686.
903
Calculate the remainder when 4212596 is divided by 60.
56
Calculate the remainder when 87244 is divided by 2415.
304
What is the remainder when 17363 is divided by 1900?
263
Calculate the remainder when 636437 is divided by 729.
20
What is the remainder when 2112 is divided by 1094?
1018
What is the remainder when 7030584 is divided by 2126?
2028
What is the remainder when 1902625 is divided by 2534?
2125
What is the remainder when 696830 is divided by 435?
395
What is the remainder when 24267225 is divided by 3466746?
3
Calculate the remainder when 20608556 is divided by 915.
11
Calculate the remainder when 174400 is divided by 4359.
40
Calculate the remainder when 4221853 is divided by 2110910.
33
Calculate the remainder when 41236054 is divided by 404275.
4
Calculate the remainder when 1476009 is divided by 10929.
594
What is the remainder when 89170793 is divided by 18?
17
Calculate the remainder when 143174 is divided by 71369.
436
What is the remainder when 3185801 is divided by 637159?
6
What is the remainder when 2175067 is divided by 1116?
1099
What is the remainder when 3136493 is divided by 736?
397
What is the remainder when 3240420 is divided by 23?
19
What is the remainder when 182376 is divided by 5057?
324
Calculate the remainder when 4549191 is divided by 24.
15
What is the remainder when 437906 is divided by 54735?
26
Calculate the remainder when 13271127 is divided by 45.
42
Calculate the remainder when 2088562 is divided by 888.
874
What is the remainder when 1670614 is divided by 185617?
61
What is the remainder when 118209 is divided by 15684?
8421
What is the remainder when 4851871 is divided by 93304?
63
Calculate the remainder when 870443 is divided by 37.
18
What is the remainder when 122287 is divided by 1442?
1159
What is the remainder when 990635 is divided by 155?
30
What is the remainder when 53650 is divided by 28?
2
Calculate the remainder when 642135 is divided by 642128.
7
What is the remainder when 1973420 is divided by 986663?
94
Calculate the remainder when 600541 is divided by 188.
69
What is the rem